s the units digit of (-39897)/(-209) + x/(-38)?
1
Let v(b) = b**2 - 15*b - 149. Let q be v(-7). Suppose 0 = -q*a + 18*a - 10283. What is the units digit of a?
1
Let s be (-7 - -15) + (1 - 7). Suppose 3*t = 2*q - 882, 4*q - 1796 = -4*t + s*t. What is the hundreds digit of q?
4
Let g be (-5 - (-5 - -2)) + 1 + 83. Suppose 0*u + 144 = 4*u. Let w = g - u. What is the units digit of w?
6
Let m(n) = -n**3 - 2*n**2 + n + 4. Let q be m(-2). Let v be (-2 - -1)*-3 - 0/q. What is the tens digit of 2/v + (-206)/(-6)?
3
Suppose 0 = -4*l + 3*q + 16, 2*l + 4*q - 6 - 24 = 0. Suppose -u - l = -z, u + z - 6 + 5 = 0. What is the units digit of (2/(-4*1))/(u/738)?
3
Let q = 7588 - 3051. What is the tens digit of q?
3
Suppose -4*d - 4 = 0, 5*t - 3169 = 2*d + 2*d. Let x = 1358 - t. What is the units digit of x?
5
Let y(i) = i + 8. Let v be y(19). Let p be (-3520)/(-45) - -1*(-6)/v. Let b = -25 + p. What is the units digit of b?
3
What is the tens digit of (-895 + 901)*(3/(-9))/((-4)/51074)?
3
What is the hundreds digit of (-10)/(-40) + (3 + -1)/(8/41003)?
2
Let d = 6678 - -38286. What is the units digit of d?
4
Let w(n) = n**3 + 10*n**2 + 21*n + 47. Let z be w(-8). Suppose -3*d + 5*j = -159 - z, -5*d + 284 = -j. What is the tens digit of d?
5
Suppose -145108*w + 145112*w - 225676 = 0. What is the tens digit of w?
1
Let q be 9/45 + 16/(-5). Let n be q/(-5) + (-7)/(-5). Suppose -218 = -11*j + n. What is the units digit of j?
0
What is the tens digit of ((-19611)/(-6))/((-6)/(-12)*1)?
3
Suppose 51*l - 4*b - 21460 = 47*l, 5370 = l + 4*b. What is the hundreds digit of l?
3
Let i(h) = -2*h - 10. Let z(u) = u + 4. Let v(b) = -i(b) + 5*z(b). What is the hundreds digit of v(14)?
1
Let y be (-1010)/(-6) - (10/15)/2. Let k = 401 - 139. Let n = k - y. What is the tens digit of n?
9
Suppose -5*o + 5 = -i + 26, 0 = -3*i + 4*o + 30. Suppose -i*c + 0*c = 0. Suppose c = 3*h - 207 - 99. What is the units digit of h?
2
Let q = -1507 + 2371. What is the units digit of q?
4
Let i(p) be the second derivative of 47*p**3/3 + 409*p**2/2 - 11*p - 8. What is the tens digit of i(9)?
5
What is the hundreds digit of (207/(-6))/(10/150*(-5)/242)?
0
Suppose 6 = -2*l + 5*m - 7*m, -4*m - 12 = l. Suppose l = -3*c + 259 + 41. Suppose 9*t + c = 13*t. What is the tens digit of t?
2
Suppose -13526*z + 13556*z = 644550. What is the ten thousands digit of z?
2
Let y be 17182/3 + (-108)/(-162). Let i = -3920 + y. What is the units digit of i?
8
Suppose -1505 = -2*w - 3*x, -5*w + 3939 - 152 = 4*x. What is the hundreds digit of w?
7
Suppose 324416 = 17*b - 32*b + 52*b. What is the hundreds digit of b?
7
Let d be (-9)/(-4)*152/114. What is the units digit of (d/(-2))/(1 - 745/742)?
1
Let w = 175 - 172. Suppose 4*c = -q + 1326, 3*c - 1146 + 156 = -w*q. What is the tens digit of c?
3
Let g(z) = 8*z**3 + 3*z**2 - 11*z - 60. What is the units digit of g(10)?
0
Let k(p) be the first derivative of -p**3/3 + p**2 + 28. Let f be k(-2). What is the units digit of (1/(-4))/(f/608)?
9
Suppose -3*r - 53 + 50 = 0. Let j be (-2 - (r + -7))*1218/(-21). Let k = -195 - j. What is the tens digit of k?
5
Let c(y) = -3*y - 14. Let r be c(-6). Let t be r*3/(-6)*1. Let n = 129 + t. What is the units digit of n?
7
Let a = 28737 - 26699. What is the hundreds digit of a?
0
Let a = 63073 + -31155. What is the tens digit of a?
1
Let m(l) = 6*l**2 - 14*l - 32. Let n(q) = -q**2 + 3*q + 6. Let g(i) = -2*m(i) - 11*n(i). Let r be g(-2). Let b = r + 128. What is the units digit of b?
2
Let z(x) = 6*x**2 - 10*x + 4. Let j be z(2). What is the units digit of 452/j - (3 + (-14)/4)?
7
Suppose 59*k - 14410 = 49*k. What is the thousands digit of k?
1
Suppose 2*f - 3212 + 2082 = 0. What is the hundreds digit of f?
5
Let m(h) = -3*h**3 - 8*h**2 - 12*h - 27. Let v(f) = -f**2 - 1. Let q(c) = m(c) + 2*v(c). What is the thousands digit of q(-9)?
1
Suppose 46*r = 50*r + 4*i - 53488, -i + 66836 = 5*r. What is the thousands digit of r?
3
Suppose 10*s + 808 = 14*s. Let j = s - 51. What is the units digit of j?
1
Let b be -1 + 3 + 11 + -116. Let q = b - -111. What is the units digit of q?
8
Suppose -4*v - 14*v + 893637 = 37215. What is the tens digit of v?
7
Suppose 14*u + 379 = 15457. What is the thousands digit of u?
1
Let i = 660 - 658. Let j = 255 + 221. Suppose -3*k + j = 2*g, -i*g - 152 = -k - 4*g. What is the hundreds digit of k?
1
Suppose 2*r = x + 21611, 4*r - 18*x = -22*x + 43204. What is the ten thousands digit of r?
1
Let f(s) = -s + 4. Let l be f(-3). Suppose -47 = -4*c + 5*n, -5*n = -l*c + 4*c + 39. Suppose -285 = -c*o + 11. What is the tens digit of o?
3
Let l(w) be the first derivative of -2*w**4/3 + 19*w**3/2 + 17*w**2/2 + 1. Let y(k) be the second derivative of l(k). What is the units digit of y(-10)?
7
Suppose h = -b, 2*b + 5*h + 6 = 6*h. What is the hundreds digit of 213 - (4/2 - (2 + b))?
2
What is the units digit of (-2)/4 - ((-16)/(-24) - (-1059220)/(-24))?
3
Suppose 2*o - 65972 = -4*x, 85948 = 3*o - 2*x - 12970. Suppose 30*r = o + 10764. What is the units digit of r?
8
Suppose 4*y + 156 + 440 = -2*o, -5*o - 584 = 4*y. Let q = 19 + y. Let v = 217 + q. What is the tens digit of v?
8
Let p(t) = -t**3 + 18*t + 10. Let q be p(-4). Suppose l - 921 = -v, 1478 + 368 = q*l + 4*v. What is the hundreds digit of l?
9
Let n = 22876 - 19232. What is the units digit of n?
4
Suppose -5*b = 2*d - 2*b - 5001, 4*d = b + 10009. What is the units digit of d?
2
Suppose -473*g = -442*g - 774380. What is the thousands digit of g?
4
Let t = -634 - -286. Let s = t + 1112. What is the hundreds digit of s?
7
Suppose t - 5*b = 669, 4*t - 4*b = 8*t - 2676. Let a = 1030 - t. What is the units digit of a?
1
Let u(b) = 185*b**2 + 2*b + 40. What is the thousands digit of u(-10)?
8
Let g(p) = p**3 - 23*p**2 + 77*p - 64. What is the tens digit of g(20)?
7
Suppose 0 = -n + v + 4 + 5, -5*n - v + 27 = 0. What is the hundreds digit of 1060 + -5 + 0 + n?
0
Suppose 0 = -5*m - u + 33623, -2*m - 2*u = -10602 - 2844. What is the tens digit of m?
2
Suppose 19*m - 45626 = 9*m - x, -2*m + 9112 = -2*x. What is the units digit of m?
2
Let l(s) = -4 + 2*s + 2 - 4 + 2*s**2 + 4. Let y = -2 - 3. What is the tens digit of l(y)?
3
Suppose 63318 = 2*y - 6*p, 4*y - 126714 = -0*y - p. What is the thousands digit of y?
1
Suppose 13*s = 21*s - 16. Suppose s + 2 = n. Suppose r + r - 2*x - 254 = 0, -5*r - n*x = -671. What is the units digit of r?
1
Let p(l) = 3*l - 128. Let j(u) = u - 32. Let c(n) = 22*j(n) - 6*p(n). What is the units digit of c(10)?
4
Suppose 0 = -20*r - 0*r + 21620. Suppose -5*l + 4*x + 2695 = 0, -l + r = l - x. What is the units digit of l?
3
Suppose -4*q = 44*q - 9408. Let c = q - -56. What is the units digit of c?
2
Suppose -8*f - 18 = -42. Suppose 4*p - 5*z = 56, -5*p - f*z = -4*z - 70. What is the units digit of p?
4
Suppose -5*t + 11 = 2*l - 6, 0 = 3*t + 4*l + 1. Let b(c) = c**3 + 5 + 0*c + c + t*c - 11*c**2. What is the tens digit of b(11)?
7
Let z = 322 - 140. What is the tens digit of z?
8
Suppose 51*z = 56*z - 185. Suppose -32*v + z*v = 1850. What is the tens digit of v?
7
Let m = 3002 - 1513. Suppose -5*i + 1928 = -4*u, m = 4*i - 3*u - 53. What is the units digit of i?
4
Let l = -5 + 11. Suppose -2*u - 67 = -h, -5*h + 320 = u - l*u. Suppose 4*t + 0 + 16 = 0, r - h = 5*t. What is the tens digit of r?
4
Let m = -1396 - -990. Let o = 213 - m. What is the hundreds digit of o?
6
What is the hundreds digit of (659 - 48/(-12))*4?
6
Suppose 62 - 4402 = -4*i + 2*w, 0 = -4*i - w + 4340. Let j = -555 + i. What is the units digit of j?
0
Let a(t) = -t**3 - t**2 + 3*t - 3. Let l be a(-5). Let g be 0/2 + (9/((-63)/35))/(-1). Suppose c - 306 = -g*x, 0*x + 5*c = x - l. What is the units digit of x?
2
Let i be 26/(-2) - (32 - 23). Let j = 419 - 187. Let v = j + i. What is the units digit of v?
0
Let t = 25693 - 17291. What is the thousands digit of t?
8
Suppose 434 = 70*k - 69*k - 2*y, -k + 4*y = -430. What is the units digit of k?
8
Let h(c) = 60*c - 9. Let z(f) = 20*f - 3. Let l(p) = 4*h(p) - 11*z(p). Let u be l(6). Let r = -70 + u. What is the tens digit of r?
4
Let x(q) = q**2 + 10*q - 9. Let g be (-2 + 20)/2 - -3. Let z be (100/g - 7)*(-9)/(-2). What is the tens digit of x(z)?
8
Let v(o) = 254*o**3 + o. Let g = -99 + 100. Let m be v(g). Suppose m = n + 4*n. What is the tens 